4?
-10f
In base 6, what is 435 - -22?
501
In base 15, what is 1a06 + 3?
1a09
In base 10, what is -16 - 18?
-34
In base 3, what is 20012 + 2?
20021
In base 15, what is 5c9 + -3?
5c6
In base 4, what is -1 - -300?
233
In base 16, what is -3f + 9?
-36
In base 11, what is 22 - -20?
42
In base 6, what is 145 + 304?
453
In base 5, what is -1401 + -11?
-1412
In base 7, what is -6 + -14?
-23
In base 7, what is -10 - -122?
112
In base 3, what is -22220 + -10?
-100000
In base 9, what is -5 - -50?
44
In base 3, what is -221 + -2210?
-10201
In base 4, what is -230 - -11?
-213
In base 9, what is 24 + -22?
2
In base 11, what is -46 + -6?
-51
In base 4, what is 12 - -202301?
202313
In base 7, what is 4465 + 5?
4503
In base 12, what is 493 + 1?
494
In base 3, what is 1202221 - 12?
1202202
In base 6, what is 4 + 152?
200
In base 4, what is 312 + 103?
1021
In base 10, what is -3 - -1023?
1020
In base 2, what is -1001 - -101011?
100010
In base 6, what is -15 + 413?
354
In base 15, what is 242 + -4?
23d
In base 6, what is 10 + 32?
42
In base 10, what is 4 - -569?
573
In base 16, what is 7 - 3e?
-37
In base 6, what is 2 + 1153?
1155
In base 8, what is 4 + -211?
-205
In base 4, what is 11130 - -13?
11203
In base 14, what is 12 - 6?
a
In base 10, what is 1 - 47?
-46
In base 13, what is -104 - 40?
-144
In base 14, what is -3d7 - 4?
-3db
In base 7, what is -161432 - 0?
-161432
In base 9, what is -1 - 2676?
-2677
In base 9, what is -2 - 1475?
-1477
In base 13, what is 59 - 197?
-13b
In base 12, what is -35 + -4?
-39
In base 13, what is -5 + -11?
-16
In base 16, what is 1 + -7d?
-7c
In base 13, what is -1 - -87?
86
In base 5, what is 2213 + -1?
2212
In base 14, what is -71 - -35?
-3a
In base 3, what is 12 + 112002?
112021
In base 4, what is -21200 + 10?
-21130
In base 15, what is -13c - 4?
-141
In base 5, what is -1 + 402?
401
In base 11, what is -44a + -2?
-451
In base 16, what is -9 - 49?
-52
In base 5, what is -40212 - 1?
-40213
In base 12, what is -1813 - -2?
-1811
In base 3, what is 10 - 20220?
-20210
In base 8, what is -5 + 1404?
1377
In base 10, what is 15 - 4?
11
In base 4, what is 3 + 1112?
1121
In base 16, what is -9 + -21?
-2a
In base 16, what is -9 - 15?
-1e
In base 10, what is -2 + 5055?
5053
In base 10, what is 40 + 3?
43
In base 14, what is -4 + 449?
445
In base 7, what is 23 - -1340?
1363
In base 14, what is -c - -19?
b
In base 9, what is 3 - -125?
128
In base 11, what is -641 - 1?
-642
In base 7, what is -3 - -422?
416
In base 10, what is -2 - -109?
107
In base 13, what is -2 + 203?
201
In base 14, what is -c + -198?
-1a6
In base 16, what is -108 + -2?
-10a
In base 3, what is -10 - -122100?
122020
In base 8, what is -5 - 1370?
-1375
In base 4, what is 100212 + -10?
100202
In base 11, what is 0 + -62?
-62
In base 9, what is 5 + 404?
410
In base 5, what is 10 - 1231?
-1221
In base 6, what is -331 - 20?
-351
In base 14, what is -1 - 1d?
-20
In base 8, what is 1534 + -3?
1531
In base 3, what is 120 - 22201?
-22011
In base 5, what is 1302 - -10?
1312
In base 15, what is -5 + -1b?
-21
In base 3, what is 22212 + -10201?
12011
In base 5, what is 24 - 342?
-313
In base 3, what is -111200 + 122?
-111001
In base 6, what is 4 + -441?
-433
In base 7, what is -1330 + -3?
-1333
In base 2, what is -1 + 100010000?
100001111
In base 10, what is 2116 + 2?
2118
In base 12, what is 4 - 5?
-1
In base 10, what is -71 - -204?
133
In base 2, what is -1 - -1111110110?
1111110101
In base 7, what is 6 + -5?
1
In base 6, what is -52121 - 2?
-52123
In base 10, what is -324 + -17?
-341
In base 6, what is 1224 - -1?
1225
In base 13, what is -51a + 2?
-518
In base 3, what is 0 - -1202111?
1202111
In base 11, what is 33 + 4?
37
In base 6, what is 2 + -544?
-542
In base 12, what is -5ba + 2?
-5b8
In base 6, what is -4 + -21?
-25
In base 8, what is 3 - -141?
144
In base 11, what is 21 + 27?
48
In base 10, what is -701 + 21?
-680
In base 16, what is -107 + 1b?
-ec
In base 4, what is 12203 + -3?
12200
In base 8, what is 7 - 274?
-265
In base 16, what is -5 - f1?
-f6
In base 8, what is -1104 - -4?
-1100
In base 11, what is -102 - -1?
-101
In base 2, what is -10110 + 10011010?
10000100
In base 3, what is -112011111 - -2?
-112011102
In base 7, what is 0 - -3036?
3036
In base 7, what is 216 - -2?
221
In base 9, what is -403 - -17?
-375
In base 13, what is -1b - 115?
-133
In base 4, what is -3100 + -32?
-3132
In base 3, what is -1 - -101?
100
In base 6, what is -3051 - 3?
-3054
In base 15, what is 10 - 0?
10
In base 11, what is -14 - 60?
-74
In base 10, what is -117 + -3?
-120
In base 11, what is -4 - 13?
-17
In base 13, what is 34 + -2c?
5
In base 6, what is 1013 + 5?
1022
In base 4, what is -1303 + -202?
-2111
In base 9, what is 2 - 512?
-510
In base 2, what is 10011 + 0?
10011
In base 14, what is 5 - -3d?
44
In base 12, what is 1 - 3?
-2
In base 2, what is -100 + -10001000?
-10001100
In base 2, what is -101 + -10101010011?
-10101011000
In base 4, what is 2 + 211322?
211330
In base 3, what is 100 + 0?
100
In base 13, what is 10 + 122?
132
In base 5, what is -1 + 102404?
102403
In base 7, what is -12 + -41?
-53
In base 5, what is -3234 - -4?
-3230
In base 8, what is -41 - 4?
-45
In base 8, what is -4 + 2161?
2155
In base 10, what is -15 - -911?
896
In base 15, what is -2d - b?
-39
In base 7, what is 11 + -32?
-21
In base 7, what is -151 - 5?
-156
In base 9, what is 65 + 112?
177
In base 15, what is 0 + -ee?
-ee
In base 12, what is -371 - 20?
-391
In base 2, what is -10011100 - 10111?
-10110011
In base 6, what is -4 + 111433?
111425
In base 16, what is -d4 + 37?
-9d
In base 11, what is -93 + -10?
-a3
In base 4, what is 23 + -2130?
-2101
In base 11, what is -19 - 36?
-54
In base 16, what is 1f + -db?
-bc
In base 8, what is 51 + -175?
-124
In base 13, what is 528 + -5?
523
In base 11, what is -133 + 37?
-a7
In base 14, what is 5 + 7a?
81
In base 10, what is -4 - -32?
28
In base 10, what is -3 - 201?
-204
In base 12, what is 3 + 32?
35
In base 4, what is -1 + 21321?
21320
In base 8, what is -25 + -2?
-27
In base 11, what is 87 - -4?
90
In base 7, what is -5 - -120?
112
In base 7, what is 50 + -23?
24
In base 8, what is -72 + 1?
-71
In base 2, what is -100011111 + -101?
-100100100
In base 10, what is 129 + -14?
115
In base 8, what is 1 - -474?
475
In base 15, what is 3a + 7?
42
In base 3, what is 11120100 + 2?
11120102
In base 13, what is 35b3 - -3?
35b6
In base 9, what is -230 - -3?
-226
In base 5, what is -12 + 231?
214
In base 11, what is 74 + -11?
63
In base 9, what is 784 - -4?
788
In base 15, what is -c6 + 0?
-c6
In base 8, what is 2 + -100?
-76
In base 4, what is 0 - 1013?
-1013
In base 7, what is 225 + -10?
215
In base 9, what is -3 - 0?
-3
In base 6, what is -33032 - -3?
-33025
In base 6, what is -10 + 1500?
1450
In base 9, what is -1736 + -4?
-1741
In base 13, what is 5 - -355?
35a
In base 10, what is -1212 + 5?
-1207
In base 6, what is 11 - 1144?
-1133
In base 8, what is -100 - -21?
-57
In base 4, what is 10 + 1100?
1110
In base 4, what is -11 + 3320?
3303
In base 9, what is 1 + 377?
378
In base 4, what is 10 + 102?
112
In base 5, what is 1 - 10332?
-10331
In base 14, what is 5 - 16?
-11
In base 9, what is 1346 + 8?
1355
In base 16, what is -17 + e?
-9
In base 3, what is -11 - -10200?
10112
In base 15, what is 5c + 1?
5d
In base 9, what is -3 - 73?
-76
In base 11, what is 2 - -107?
109
In base 7, what is -334 + 4?
-330
In base 8, what is 27 + 53?
102
In base 11, what is 11 - -36?
47
In base 5, what is 2 + 31?
33
In base 6, what is -23 - -21?
-2
In base 9, what is 137 + 3?
141
In base 7, what is 555 - 12?
543
In base 11, what is -2 - 101?
-103
In base 15, what is -4 + -22?
-26
In base 4, what is -10 - 213200?
-213210
In base 8, what is 0 + 147?
147
In base 5, what is 4 + 40?
44
In base 7, what is 401 + -200?
201
In base 11, what is -231 - -28?
-204
In base 3, what is 2211 + 11110?
21021
In base 13, what is -142 - 13?
-155
In base 7, what is -1634 + -4?
-1641
In base 2, what is 1111 - -1011?
11010
In base 6, what is 1324 + 3?
1331
In base 7, what is 4622 + -14?
4605
In base 7, what is -34 + -12?
-46
In base 7, what is 106 - 656?
-550
In base 2, what is -1011011 + 1?
-1011010
In base 4, what is -11 + 1122?
1111
In base 16, what is 4b + -1a?
31
In base 12, what is 4a + 1?
4b
In base 14, w